is 11 + -18 - ((0 - 5) + 2)?
-4
What is the value of (-6 + 25 - -7 - 7) + -8?
11
What is the value of -1 - (2 + 3 + -3) - -2?
-1
Calculate (-2 - 3) + (1 + 1 - -9).
6
Evaluate -8 - -2 - (3 - 7).
-2
4 - (7 + 5 + -8)
0
What is -3 - ((3 - -2) + -5)?
-3
1 + (5 - (-2 + 1)) + -3
4
Evaluate 1 + -7 + -4 + 4 + 2.
-4
7 - (1 - -2 - (1 - 2))
3
Evaluate 0 + (-4 - 0) - (9 - 17).
4
0 + (-5 + -2 - (-6 + 3))
-4
What is the value of -4 + (-3 + 6 - -1)?
0
What is 6 + (-10 - -1) + 6?
3
What is (-3 - -1) + 3 + -2?
-1
-3 + 2 + 3 + -4
-2
Calculate -13 - 0 - -10 - (-4 + -1).
2
What is the value of 1 + 4 + (-14 - -7) + -5?
-7
Evaluate -1 - (1 - (-3 - 2 - -3)).
-4
What is 3 + (-2 - 2 - 1) - -4?
2
Evaluate 0 + 7 + 4 + -12 + 4.
3
What is the value of 2 - -2 - (-3 + 2)?
5
(0 - (1 - 7) - 12) + 10
4
(1 - 1 - 2 - -5) + 2
5
-10 - (1 + -5 + -7)
1
Calculate -1 + (-1 + 4 - (-2 - -7)).
-3
0 + (-1 + -1 - -3)
1
What is the value of -5 - (-6 + 1 + 2)?
-2
Calculate -4 + (0 - (-2 - -2) - -1).
-3
What is (1 - (-1 + 6)) + -1 - -14?
9
What is 1 + -6 + (30 - 28)?
-3
Calculate 0 - (11 - (-2 + 8) - -2).
-7
What is -1 - -7 - (3 + 7)?
-4
Evaluate (-2 - 9 - -4) + 10.
3
Calculate -3 + 1 + 1 + 2.
1
What is (1 - 2) + 1 + 0?
0
(-1 - -1) + -2 + -4 + 4
-2
Calculate -1 + 1 + (1 - -3) - 0.
4
What is the value of -9 + 6 - (3 - 3)?
-3
Calculate 29 + -42 + 0 + 3 - -1.
-9
Calculate (-4 - ((0 - -3) + -11)) + 2.
6
What is 2 + 0 - ((1 - 8) + 5)?
4
What is -15 + 6 - (-8 + 3)?
-4
What is ((3 - -1) + -3 - 2) + 0?
-1
-7 - (-7 + -1 + 4)
-3
Evaluate 11 - (7 - (0 - 8)).
-4
1 + (-1 - (4 - 3)) - -3
2
What is -1 + 0 + (-7 + -6 - -10)?
-4
What is the value of -3 - (-4 - -4 - 5)?
2
Calculate (29 + -32 - (1 + 1)) + -3.
-8
What is the value of -8 - (-1 + -7 + 4)?
-4
2 + 1 - 2 - 6
-5
-1 - (1 - (-2 - -1))
-3
What is (1 + -4 - -2) + 0 + 7?
6
0 + (0 - 5) + 10
5
What is (1 + 6 + -5 - 5) + -3?
-6
What is (2 - 5) + (-30 - -24)?
-9
Calculate 2 - (2 + 1 + 0 + -3).
2
Calculate 0 + -1 - (19 + -10 - 6).
-4
What is -6 + 3 - (17 - 15)?
-5
What is the value of (-21 - -6) + 5 + 4?
-6
Evaluate -11 - -6 - (-1 + -2 + 3).
-5
What is the value of (-1 - -1) + -1 + -1?
-2
What is the value of (-7 - -2 - -3) + 3 + 0?
1
Evaluate -31 + 18 + 6 + 2 + 1.
-4
Calculate -4 + (6 - 4) + 4 + 1.
3
What is the value of (-2 - ((-4 - -7) + 0)) + 3?
-2
What is the value of -1 + 5 + -14 - -4?
-6
(1 - -2) + (1 - 3) + -6
-5
Calculate 2 - ((-3 - 1) + 9).
-3
Calculate 0 - (0 + -4 + 0) - 7.
-3
What is (-12 - (3 - 9)) + 5?
-1
3 + (-4 - -6) + (-2 - 8)
-5
Calculate -213 - -214 - (8 + -4 + 2).
-5
Evaluate -10 - (0 + 5 + -2 - 7).
-6
What is the value of 8 + (5 - 2 - 17)?
-6
What is the value of -9 - (-2 + -4 + 3)?
-6
Evaluate 9 + -6 + -12 - -6.
-3
What is the value of -1 + 1 + 3 + -5 + -3?
-5
What is 4 + 2 + -6 + 2 - 0?
2
What is the value of -6 + 13 + -8 + 4 + -4?
-1
0 + 1 + -2 + 0
-1
Evaluate -2 - (-2 - (2 - 3)).
-1
Evaluate -227 + 237 - (0 + 9).
1
Evaluate -14 + -4 + 7 + 16 + -10.
-5
Evaluate 0 + 1 + -7 + 0 + 2.
-4
Calculate (3 - 6 - -1) + (-4 - -8).
2
What is -1 - (6 + -8 + 6)?
-5
What is (6 - (2 - 1)) + -152 + 146?
-1
Evaluate -2 - (-2 - -1 - 5).
4
Evaluate 2 - (6 + (-4 - -2)) - -5.
3
What is the value of -6 + (2 + (-6 - -4) - -3)?
-3
What is the value of 0 + 4 - (29 - 21) - -8?
4
Evaluate -11 - -2 - (0 - 4).
-5
-1 - (3 + 1 + -4 + 0)
-1
What is -9 + (1 + 0 - -4)?
-4
1 + -7 - (84 + -96)
6
Evaluate -4 - (3 + 2 + -5 + 1).
-5
What is the value of 2 + -9 + 0 + 6?
-1
Evaluate (14 + 15 - 24) + 4 + 0.
9
Calculate 12 + -15 - (1 - (-1 + 1)).
-4
What is the value of (4 - (-4 + 4)) + -4 + 0?
0
Calculate (-5 - (-9 + (-4 - -11))) + -4.
-7
Calculate 1 + 1 + -2 + 0 + -1.
-1
What is (-5 - -2 - -1) + -4?
-6
Evaluate (0 - -1) + -5 + 0 + -1.
-5
What is the value of -26 - -19 - (-5 + 4 - -1)?
-7
Calculate -5 - (-1 - (-1 - -6) - -2).
-1
0 - (1 - -5) - (3 - 6)
-3
0 + 3 + -2 + 1 - -2
4
-3 - (1 - 2) - (-10 - -5)
3
What is the value of (-6 - -7 - -2) + (7 - 2)?
8
Evaluate 1 + -4 + 67 + -72.
-8
Evaluate 6 + -7 + (-3 - -5).
1
What is the value of (43 - 60) + 13 + -2?
-6
Evaluate 7 - (5 + -6 + -6 + 8).
6
What is -1 + 5 - 3 - (6 + -7)?
2
Evaluate 5 - (-6 - -7) - 3.
1
Calculate -5 - -2 - (-5 + 2).
0
Evaluate -10 - -8 - (-5 - (-4 - 1)).
-2
-1 + (0 - (2 - (5 - 0)))
2
Calculate 1 + -4 + (2 - (-3 + 2)).
0
Calculate -4 - -3 - (-2 + (4 - -1)).
-4
What is (-4 - ((-12 - 2) + 7)) + 1?
4
Calculate 4 - (6 + -4 - 0).
2
(4 - 22) + 8 + 2
-8
(6 - 0 - 2) + 2 + -1
5
Calculate 0 - (2 + 1 + (4 - 6)).
-1
Evaluate -53 + 62 + (-2 - 13).
-6
What is -5 + (3 - (0 - 0)) + 3?
1
What is 0 + (1 - 8 - (-25 + 10))?
8
What is the value of 0 + (-4 - ((2 - 5) + -2))?
1
3 + 2 + -4 + -4
-3
-19 + 8 - (-7 - -3) - -3
-4
What is the value of -3 - (-2 + 1 - 4)?
2
Evaluate (0 - 0) + -8 - -4.
-4
Calculate 11 - (5 + 4 + -2).
4
What is 1 + 15 + (-73 - -63)?
6
What is 1 - (-1 + -1 + (2 - 1))?
2
Evaluate -4 - 1 - (3 + -1 + -3).
-4
Calculate -7 + 15 + -2 + -6.
0
What is the value of (-2 - (3 - 3)) + (4 - -3)?
5
Evaluate -2 - (-15 + 5 - -5).
3
Evaluate 2 + 2 + (5 - -1 - 8).
2
Evaluate (-8 - (-3 + -7)) + 0.
2
Evaluate 6 + 0 - 8 - 1.
-3
Evaluate -1 + 1 - (-17 + 19).
-2
-5 + (5 - 5) - 0
-5
What is (-6 - 7) + 7 + -3?
-9
(-1 - 1 - -1) + (17 - 19)
-3
Evaluate (26 - (1 - -10)) + -6.
9
Evaluate 6 - (2 + (-2 - 0) + 4).
2
What is 0 + (-2 - 0) - (1 - 4)?
1
What is (0 - 6) + 7 + 0?
1
Calculate (-32 + 32 - (-1 + -3)) + 2.
6
Evaluate (-10 + 11 - (1 - 3)) + 2.
5
-2 + 3 + -3 + (1 - -2)
1
What is -1 + -8 + 9 + 9?
9
Evaluate (-2 - 4 - -4) + (1 - 1).
-2
What is the value of 3 + -3 - (-1 - 2) - -2?
5
Evaluate 3 - ((-1 - 2) + -3 + 10).
-1
1 + -15 + 20 + (1 - -2)
9
What is the value of -2 + -10 + 36 + -16?
8
Calculate -2 - (3 + 0 + -8 - 1).
4
What is the value of -4 + 4 + (-2 - (3 - -2))?
-7
18 + -15 + 1 + -2 + -3
-1
(2 - 5) + (5 - 1) - -3
4
What is -5 + 0 - 1 - -8?
2
What is -5 - (0 + (-8 - -4))?
-1
1 + (0 + 0 - -1)
2
What is the value of (-3 - 0) + (-3 - (7 - 11))?
-2
What is the value of (-12 - 3 - -6) + (-2 - -7)?
-4
Evaluate (4 - 15 - -4) + (6 - 7).
-8
What is the value of -7 + 8 + -2 - 3?
-4
Calculate (-8 - (-9 - -12)) + 1.
-10
What is -2 + (-2 - 3) + 6?
-1
What is the value of 6 + (3 + -4 - (8 - -5))?
-8
Evaluate 2 + 4 + 0 + 5 + -4.
7
Calculate 2 + 2 - (-1 + 0).
5
(6 + -9 - -2) + -2 + -2
-5
What is -4 + 0 + 1 + 2 - 4?
-5
(11 - -2) + -139 + 122
-4
What is the value of (2 - 4) + (4 - 1) - 2?
-1
Calculate -5 + 9 + -8 - 0.
-4
What is the value of (-6 - -1) + (-16 - -23 - 4)?
-2
3 - (-1 + (-1 - 0))
5
What is the value of -1 - -5 - (-3 - -1)?
6
Calculate -4 - ((-13 - -19) + -15).
5
-7 + (16 - -5) + -8
6
What is the value of -1 + 1 + (1 - 3 - -1)?
-1
What is the value of 2 + -1 - 1 - 6?
-6
Calculate 3 + 3 + -5 + -6.
-5
Evaluate 1 - (-3 + (-6 - -3) + 11).
-4
What is -2 - ((-2 + 8 - 7) + 0)?
-1
Calculate -3 - (-8 - 1 - -5).
1
What is the value of -8 + 0 + 6 + (2 - 5)?
-5
-2 - (-9 - -14 - (4 + 1))
-2
Calculate (-1 - 9 - -4) + 11.
5
What is the value of (7 + 6 + -18 - 2) + 2?
-5
Evaluate (3 - 4) + 6 + (-1 - -1).
5
Evaluate 8 + -6 + -7 + -1.
-6
Calculate (-31 - -34) + 1 + -1.
3
2 + (-7 - -4) + -4
-5
(-15 - (-25 + 13)) + 8
5
11 - (3 + 4 + -1)
5
Evaluate 8 - 13 - (-7 + 2).
0
12 + -3 + -2 + (-2 - 2)
3
What is 1 + 2 + 2 + (-3 - 4)?
-2
Calculate -12 - ((3 - 4 - 2) + -2).
-7
What is the value of -8 + 2 + -1 - (-5 - 0)?
-2
What is 3 + (-1 - 3) + -2?
-3
1 + -7 - -2 - (1 + 1)
-6
What is -9 + 6 + -3 - -9?
3
Evaluate 1 + 4 - (-7 - -11).
1
Calculate -6 + 2 + (-2 + 2 - -1).
-3
Evaluate 20 - 19 - (-1 + -1).
3
Calculate -8 - (0 - (0 + 1)) - -1.
-6
What is the value of -2 - (-6 - -5 - 0)?
-1
Calculate 6 - (3 + (0 + 2 - 3)).
4
Calculate (12 - (11 - 1)) + 3.
5
Calculate (54 - 49) + -8 + 4 + -2.
-1
Evaluate 10 + (4 - 11) + 2.
5
Calculate 3 + (-12 - -9) - 10.
-10
What is 1 - (5 + (-8 - (2 + -10)))?
-4
(2 + 1 - 5) + (3 - -1)
2
What is the value of 0 - ((4 - -3) + -1)?
-6
Evaluate (-1 - (-8 + 12)) + -2 + 9.
2
Calculate -12 + (-15 + 0 - -22).
-5
What is (0 - -1) + (8 - (5 - -1))?
3
What is 7 - 5 - -11 - 10?
3
What is the value of -5 - (-2 + -3) - (4 + 0)?
-4
What is the value of 6 + (-6 - -3) + -4?
-1
Evaluate -3 + 4 + (-3 - -3) + -6.
-5
What is 15 - (5 - 0) - 15?
-5
Evaluate (-56 - -52 - (-9 + -1)) + -12.
-6
Calculate -4 + (15 - 8) + (2 - -2).
7
(5 - -4) + (25 - 42)
-8
Evaluate -3 + (-6 - 